y m?
5
Suppose 5*g - 4*o = o + 495, -297 = -3*g + 4*o. What is the remainder when g is divided by 50?
49
Let w be (-4)/12*-2*3. Suppose 10 = 5*t + w*b - 833, 0 = t + 4*b - 165. What is the remainder when t is divided by 43?
40
Let o be (6/4)/((-12)/(-64)). What is the remainder when 72 is divided by ((-6)/9)/(o/(-300))?
22
Let o(x) = 4*x - 31. Let h be o(-8). Let y = 66 + h. What is the remainder when 6 is divided by y?
0
Let q(j) = j**3 + 4*j**2 + 4*j - 5. Let d be q(-6). Let s = d - -111. What is the remainder when (24/(-10))/((-1)/20) is divided by s?
8
Let a(z) = -z**3 + z + 1. Let x(t) = -2*t**3 - 2*t**2 + 5*t + 7. Let c(i) = -3*a(i) + x(i). Calculate the remainder when 74 is divided by c(3).
17
Let g(p) = p + 1. Let l be (2 - -1 - 7) + 16/1. Let y(n) = n**3 - 13*n**2 + 13*n + 17. Calculate the remainder when y(l) is divided by g(5).
5
Let s(z) = 4 + 8*z**2 + 1 - 1 - 8 + 3*z. What is the remainder when s(2) is divided by 14?
6
Let m = -970 - -998. Calculate the remainder when 751 is divided by m.
23
Suppose 48*i = 47*i + 60. Suppose -6*a + i = -12. Suppose 5*w = -5*t + 210, 4*t - 203 + 33 = -2*w. What is the remainder when t is divided by a?
7
Suppose -2*d - 3*d = -20. Suppose 12*g - 2 = 11*g. Calculate the remainder when d is divided by (0/1 + 2)*g.
0
Suppose -2*o - 5*q = -313, 3*q + 302 = 2*o + 29. Calculate the remainder when 303 is divided by o.
15
Suppose 17*v = 15*v + 40. Suppose 2*n = 2*m + 40, -n = -0*m - 2*m - v. What is the remainder when 79 is divided by n?
19
Let w = 180 - 49. What is the remainder when w is divided by 39?
14
Suppose 189 = h - 2*w - 3*w, -2*h = w - 422. What is the remainder when h is divided by 15?
14
Suppose 3*b - c - 33 = 0, b - 4*b - 4*c = -33. Suppose 2*i + 29 = 3*v, -b = -3*v + 5*i + 3. Calculate the remainder when 50 is divided by v.
11
Let f = -205 - -276. Calculate the remainder when 82 is divided by f.
11
Suppose -3*p + 12 + 123 = 0. Suppose 24 = o - 62. Calculate the remainder when o is divided by (-332)/(-15) - 6/p.
20
Let a(s) = -134*s - 68. Let g(d) = -54*d - 27. Let m(w) = 5*a(w) - 12*g(w). Calculate the remainder when m(-2) is divided by 16.
12
Let h(x) = -x + 1. Let z(f) = 7*f - 2. Let c(m) = -5*h(m) - z(m). Let p = 12 - 3. What is the remainder when p is divided by c(-4)?
4
Suppose 5*g + 114*g = 30345. Calculate the remainder when g is divided by 53.
43
Let y = -906 + 971. Calculate the remainder when 235 is divided by y.
40
Suppose 4*x = -4*n + 3*n + 58, -2*n + 2*x + 166 = 0. Suppose 2*c = 4 - 0. Suppose c*g - 19 - 35 = 0. Calculate the remainder when n is divided by g.
24
Let g(z) = -z**3 - z**2 - 2*z + 18. Suppose 2*m = -6, -3*c + 0*m + 15 = 2*m. Calculate the remainder when g(0) is divided by c.
4
Let j = -94 - -112. Let k = 449 + -218. What is the remainder when k is divided by j?
15
Let w = 66 + -43. Let h = 112 - 112. What is the remainder when w is divided by (h - 1)/((-9)/126)?
9
Suppose 0 = 31*r - 26*r - 135. Calculate the remainder when r is divided by 21.
6
Let d(k) = -k**3 + 6*k**2 - 4*k + 6. What is the remainder when ((-6)/12)/(8/(-464)) is divided by d(5)?
7
Suppose -2*s + 0*s + j = -67, 5*j = 4*s - 125. Let z(v) = -5*v + 1. Calculate the remainder when z(-6) is divided by ((-32)/10)/((-14)/s).
7
Let d = 19 + -23. What is the remainder when 6*((-54)/d)/3 is divided by 14?
13
Let m(d) be the first derivative of d**4/4 - 2*d**3/3 - 9*d**2/2 + 9*d - 13. What is the remainder when 16 is divided by m(4)?
1
Let i(k) = k**2 - 19*k - 41. Let l be i(21). What is the remainder when 22 is divided by (1/(-3))/(l/(-36))?
10
Let c(r) = -3*r - 7. Let i be c(-3). Suppose -i*x - 804 = -14*x. Calculate the remainder when x is divided by 4/(-2) + 3 + 13.
11
Suppose -2*n + 19 + 13 = 0. Let p(h) = -40*h + 46. Calculate the remainder when p(-6) is divided by n.
14
Suppose -33 = -4*z + 3*u, -3*z - 5*u = -5 - 27. Suppose z*j - 135 = 4*j. Calculate the remainder when 107 is divided by j.
26
Suppose 0 = 5*k - 21 - 59. Calculate the remainder when 4/k + (-441)/(-12) is divided by 14.
9
Let v(i) = -4*i + 8. Suppose 6*w + 30 = -12. Calculate the remainder when 143 is divided by v(w).
35
Let i = 104 - 69. Suppose 0 = 4*b - 0*b - 36. Calculate the remainder when i is divided by b.
8
What is the remainder when 11 is divided by (-1273)/(-670) - 2/(-20)?
1
Suppose -3*t = 2*t - 10. Let l(a) = a + 3. Calculate the remainder when 8 is divided by l(t).
3
Let y = -521 - -732. Suppose -4*d = 3*u + y, 9 + 42 = -d + u. Let n = 112 + d. Calculate the remainder when n is divided by 21.
18
Suppose 0 = -4*m + 224 + 440. Calculate the remainder when m is divided by 17.
13
Let i(u) = -u**2 + 10*u + 17. Let o be i(11). Suppose 14 = 4*y - o, 16 = z + y. Calculate the remainder when 41 is divided by z.
8
Suppose -22 - 9 = -2*w - 3*q, 22 = w - 5*q. What is the remainder when 115 is divided by w?
13
Suppose -8*g + 3*g + 165 = 0. Suppose -27*a = -30*a + g. What is the remainder when 14 is divided by a?
3
Let g be (-6)/(-8) + (-45)/(-20). Suppose o = -0*o - g. What is the remainder when o/((-3)/22) + 1 is divided by 13?
10
Suppose 6 = -2*n - 58. Let u = 39 + n. Calculate the remainder when 13 is divided by u.
6
Suppose 0 = 3*q, 2*j - 6*j + 140 = -3*q. What is the remainder when j is divided by 8?
3
Suppose 5*p + 8*q = 5*q + 36, -5*p - 2*q = -39. Suppose 4*k - 223 = 89. What is the remainder when k is divided by p*(5 - 2)/1?
24
Let y(r) = -2*r + 7 + 9 - 7. Calculate the remainder when y(-12) is divided by 12.
9
Let t = 157 - 129. Calculate the remainder when 136 is divided by t.
24
Let y = 6 - 3. Suppose -d + 4 = -y. Let h = -287 + 305. What is the remainder when h is divided by d?
4
Let o(i) = -2*i**3 - 23*i**2 + i - 19. Calculate the remainder when o(-12) is divided by 6.
5
Let a be (-3 + -1)/((-4)/(-54)). Let o = 141 + a. Suppose 0 = -3*q + 43 + 47. What is the remainder when o is divided by q?
27
Let t(u) = -2*u**2 - 42*u - 2. What is the remainder when t(-20) is divided by 15?
8
Let m(q) be the third derivative of 0*q + 6*q**2 + 1/60*q**5 + 0 + 1/24*q**4 + 1/2*q**3. Calculate the remainder when m(7) is divided by 20.
19
Let v = 215 - 207. Calculate the remainder when 19 is divided by v.
3
Let b(s) = -s**2 + 11*s + 2. Let n be b(11). Calculate the remainder when 1/n + (-306)/(-12) is divided by 153/21 + 26/7 + -4.
5
Suppose -14*i + 161 = -147. Suppose 86 = 4*y + i. Calculate the remainder when 31 is divided by y.
15
Let r = 93 - 43. Let d be 26/4 + 9/(-6). What is the remainder when ((-6)/d)/((-5)/r) is divided by 7?
5
Suppose -5*k - 1 - 9 = 0, -5*k - 10 = -4*r. Suppose r = -4*y - 0*y + 84. Calculate the remainder when 41 is divided by y.
20
Let q(h) = h**2 - 15*h - 10. Suppose 5*u - 34 = 51. Calculate the remainder when 47 is divided by q(u).
23
Let p be (2 - (-1 + 11))*2. Let g = p - -40. Calculate the remainder when 10/(1*8/36) is divided by g.
21
Let z be (0 - (-36)/10)*5. Let a be 6/(-27) - 14/z. Calculate the remainder when 10 + 55 + -1 + a is divided by 22.
19
Let r(y) = y**3 - 5*y**2 + 2*y - 1. Let i be r(7). Suppose -3*n + 15 = i. Calculate the remainder when 30 is divided by n/6*(-1 - 2).
14
Let f = 1 - -3. Suppose 2*h - 3*y = 5*h - 15, -h = -3*y + 15. Let s(a) = -a**3 + a**2 - a + 2. What is the remainder when f is divided by s(h)?
0
Suppose 4*l - 128 = -4*l. Suppose -4*u - 5*d = -100, -2*d - l = 2*d. What is the remainder when 86 is divided by u?
26
Let l = 21 - 11. Let o(a) = -a + 25. Calculate the remainder when o(-13) is divided by l.
8
Suppose s + 5*o = 6*s - 610, 0 = -3*s + 5*o + 374. What is the remainder when s is divided by 15?
13
Let a = 371 - 351. Let x(j) = j**3 - 6*j**2 - 5*j - 2. Calculate the remainder when a is divided by x(7).
8
Let r be (-3)/15 + 8/(-10) - -142. Let x = 201 - r. Let o(m) = -4*m**3 - 2*m**2 + m - 1. What is the remainder when x is divided by o(-2)?
18
What is the remainder when 72 is divided by (-730)/(-30) + 0 + 4/6?
22
What is the remainder when ((-668)/9)/((-106)/477) is divided by 7?
5
Suppose 2*n - 5*s - 32 = 0, 4*s = 4*n + 8*s - 64. Let t = -9 + n. What is the remainder when t is divided by 3?
1
Let w(v) = v**3 + 13*v**2 + 14*v + 88. What is the remainder when w(-10) is divided by 42?
38
Let w(n) = 2*n + 0*n**2 - 3*n**2 + 4*n**2 - 3 - 2. Calculate the remainder when w(-5) 